 2477 = -4*k + q*d, -4*d = 16. List the prime factors of k.
17, 29
Let g(f) = -f**2 - 16*f. Let v = -44 + 29. Let n be g(v). What are the prime factors of (23/(-2))/((n/(-50))/3)?
5, 23
Let x = 1028 + -590. Let k(f) = 5*f**2 + 2*f. Let p be k(-4). Suppose -5*s - z = -x, -2*s = -s - 5*z - p. What are the prime factors of s?
3, 29
Let s be (2/14*7)/(2/10). What are the prime factors of (-2 + 3 - (s + -2)) + 80?
2, 3, 13
Let y(o) = 94*o - 1. Let k be y(1). Suppose 4*l = 16, k + 23 = 4*f - 2*l. Let d = 99 + f. What are the prime factors of d?
2, 5, 13
Let m = -165 - -159. List the prime factors of 1326/(5/(-20)*m).
2, 13, 17
Let z = 0 + -2. Let y be 3 - (z/(-12) + (-51)/(-18)). Suppose y = -25*k + 20*k + 285. List the prime factors of k.
3, 19
Let n(l) be the second derivative of -19*l**3/3 - 88*l**2 + 2*l + 6. What are the prime factors of n(-19)?
2, 3, 7, 13
Let m(g) = -30494*g - 1368. What are the prime factors of m(-1)?
2, 14563
Let v = 231 - 225. List the prime factors of 796/144*v + 1/(-6).
3, 11
Let j be 3*(-2 + (-87)/9). Let p be (-266)/j + (-3)/5. Suppose p*k = 171 + 109. List the prime factors of k.
2, 5
Let g(p) = 10*p**2 + 13*p + 10230. List the prime factors of g(0).
2, 3, 5, 11, 31
Let r = 59369 - 40919. What are the prime factors of r?
2, 3, 5, 41
Suppose -18492 = -2*f - 4*a, 18*f = 19*f - 3*a - 9266. What are the prime factors of f?
2, 7, 661
Let g = 23985 - 12688. What are the prime factors of g?
11, 13, 79
Suppose 0 = -4*y + 5542 + 2602. List the prime factors of y.
2, 509
Suppose 25*c - 23*c + 2091 = 3*k, 0 = 5*k + 3*c - 3466. List the prime factors of k.
5, 139
Let s = -1549 + 4167. Let i = -1329 + s. List the prime factors of i.
1289
Suppose 1 = -2*w + 5*w + 5*l, 3*l = w - 5. Suppose w*m = 10*m - 1792. What are the prime factors of m?
2, 7
Let g(p) = 10*p**3 + 3*p - 1. Suppose -12 = -4*b, -8 = -j - 4*b + 7. Suppose -k + 14 = 3*k + 3*v, -j*v + 6 = 0. What are the prime factors of g(k)?
5, 17
Let h = 860 + 6333. List the prime factors of h.
7193
Let c(g) be the first derivative of g**3/3 - 10*g**2 + 59*g - 141. List the prime factors of c(19).
2, 5
Suppose 0 = 6*l + l - 35. Suppose l*n + 148 = 2308. Suppose -4*r = 4*m - n, r + 0*m = 3*m + 116. What are the prime factors of r?
2, 5, 11
Let l(h) = 37*h + 969. List the prime factors of l(-4).
821
Let s(f) = -f**3 - 11*f**2 + 8*f + 48. Let g(r) = -3*r**3 - 23*r**2 + 15*r + 96. Let h(p) = 4*g(p) - 9*s(p). What are the prime factors of h(-5)?
2, 281
Let u(l) = 23 + 40*l**2 - 66*l**2 + 28*l**2 + 35*l - 98. What are the prime factors of u(-22)?
3, 41
Suppose -270*z = -276*z + 6510. Let l = z - 440. What are the prime factors of l?
3, 5, 43
What are the prime factors of 7674 - (4 + 525/(-135) - (-38)/(-18))?
2, 19, 101
Suppose -4*i + 92*t = 89*t - 54349, -13582 = -i - t. List the prime factors of i.
5, 11, 13, 19
Let f(w) = w**3 - 12*w**2 - 13*w + 60. Suppose 0 = 25*a - 266 - 59. What are the prime factors of f(a)?
2, 3, 5
Suppose -2*o = -3621*d + 3619*d - 5010, -4*o + 2*d = -10030. List the prime factors of o.
2, 5, 251
Let r = 114 - 36. Let v be (-26)/r - (0 - 10/3). Suppose 3*u + v*h = 57, 0*u - 4*h - 116 = -4*u. List the prime factors of u.
2, 3
Let j(w) = 23*w - 4798*w**2 + 4801*w**2 + 3 - w**3 + 1 - 2. List the prime factors of j(-7).
331
Let f be 325/39*3/5. Let b(w) = 31*w**2 - 2*w + 12. What are the prime factors of b(f)?
3, 7, 37
Let v(w) = -3*w + 12*w + 137 + 113. What are the prime factors of v(0)?
2, 5
Suppose 2*r + 6 = 3*a, -6*a = -3*a + 2*r + 6. Let q(s) = -s**2 - 3*s + 910. What are the prime factors of q(a)?
2, 5, 7, 13
Let u = 70849 - 30761. What are the prime factors of u?
2, 5011
Suppose 8146 = -3*m - 3*i + 89272, -3*m + 81132 = i. List the prime factors of m.
3, 5, 601
Let z(m) = 23*m**3 + 5*m**2 - 4*m - 2. Let p be z(3). Suppose -6*d + p = -524. What are the prime factors of d?
2, 7
Suppose -5*v - 7150 = -15*v. Suppose -12*i + 7*i - v = 0. Let s = i - -370. What are the prime factors of s?
227
Suppose 7*c = 11*c - 8. Suppose 26550 = 5*h - c*h. What are the prime factors of h/85 - 6/51?
2, 13
Let p = 345 + -339. Suppose p*z = -x + 3*z + 304, -4*z - 304 = -x. List the prime factors of x.
2, 19
Suppose -4*q + 16 = 0, 0*q = -n - 3*q + 14. List the prime factors of 248*(4 + -2)/n.
2, 31
Let g = 108 - 111. List the prime factors of ((-18)/4)/(g - 405/(-140)).
2, 3, 7
Let a = 68 - 63. Suppose -2*r - 2*r + j + 311 = 0, 246 = 3*r - a*j. List the prime factors of r.
7, 11
Let l = 207 + 5500. List the prime factors of l.
13, 439
Suppose 9*k - 108 = 5*k. Suppose c + c = 2*q + 26, k = 3*c + q. Let g(h) = 4*h + 9. What are the prime factors of g(c)?
7
Suppose 3 - 5 = q. Let z be ((-782)/(-115))/(q/(-20)). Let d = -29 + z. List the prime factors of d.
3, 13
Let i = 7096 + -4134. Suppose 1166 = 8*z - i. What are the prime factors of z?
2, 3, 43
Let n(m) = -175*m - 405. Let o(z) = -88*z - 203. Let g(r) = 6*n(r) - 13*o(r). What are the prime factors of g(6)?
773
Let a = -861 - -2015. Suppose -5*v - o = -1441, -4*v + o + a = 3*o. What are the prime factors of v?
2, 3
List the prime factors of 114463/4 + -1 + 6/24.
5, 59, 97
Let n = 49 + -52. Let f be (-8)/(128/(-60)) + n/(-12). Suppose -5*x = f*a - 103, 0 = -a - 2*a - 2*x + 79. What are the prime factors of a?
3
Suppose 30*a - 28136 = 94066 - 16602. List the prime factors of a.
2, 5, 11
Let q(h) = h**3 + 16*h**2 - 223*h + 105. What are the prime factors of q(18)?
3, 23, 103
List the prime factors of (0 - -6483) + 39*(-25)/(-325).
2, 3, 23, 47
Let x(d) be the first derivative of d**4/4 + 14*d**3/3 + 25*d**2/2 + 17*d + 33. Let f be x(-12). Suppose -f = -v + 2. What are the prime factors of v?
7
Let w = -1783 + 3534. Suppose 0 = -13*k + 1629 + w. What are the prime factors of k?
2, 5, 13
Suppose 0 = -4*j + 8, -27*p - 3*j = -29*p + 4780. List the prime factors of p.
2393
Let y be (987/(-14))/((-14)/4 + 2). Suppose 23*w = y*w - 23928. List the prime factors of w.
997
Let p(j) = 3*j + 144 - 144 - j + 248*j**2. What are the prime factors of p(1)?
2, 5
Suppose 6*m - 4 - 8 = 0. Suppose 3*f = m*f + 7. Suppose -3*t = -4*u + 34, -5*u + 36 - f = 3*t. What are the prime factors of u?
7
Let y be 0 - -7 - (-6 + 9). Let q be 1 + 25/(-10) + 86/y. Suppose -f - q = -101. List the prime factors of f.
3
Let a = -357 + 78. Suppose -5*k + 1338 - 348 = -5*n, -k - 772 = 4*n. Let s = n - a. What are the prime factors of s?
5, 17
Suppose 3*c - 5 = 1. Suppose -c*y + 1452 = 3*z - y, 2*y = 3*z - 1461. List the prime factors of z.
5, 97
Let b(x) = 0*x + 40*x**2 - 15*x**2 - 9*x**3 - 21*x**2 + 5*x + 8. What are the prime factors of b(-3)?
2, 17
Suppose 0 = 4*q + 3*j + 8591 - 102284, -10 = 2*j. List the prime factors of q.
3, 19, 137
Let l(b) = -25*b - 16. Suppose o + 16 = -o. Let z be l(o). Suppose 0 = -a - k + 84, 3*k + z = 3*a - 44. What are the prime factors of a?
2, 5
List the prime factors of 9016*((-319)/(-290) - 1/10).
2, 7, 23
Suppose 4*s - 2*b + 494 = 0, 3*s + 625 = -2*s + b. Let y = s + 289. What are the prime factors of y?
163
Suppose 44*m + 54 = 53*m. Suppose 4*r - 456 = 4*p, r - 2*p - 134 = -m*p. List the prime factors of r.
2, 59
List the prime factors of 378/9*(-1655)/(-5).
2, 3, 7, 331
Suppose 44*b - 39144 = 362400. What are the prime factors of b?
2, 3, 13
Suppose 0 = 78*n + 11*n - 470899. List the prime factors of n.
11, 13, 37
Let x(l) = 2*l - 11. Let g be x(5). Let r be ((-4)/20*-163)/(g/(-5)). What are the prime factors of r/(-1)*2/(-2)?
163
Let x = -150 - -176. Suppose -17241 = x*l - 50131. List the prime factors of l.
5, 11, 23
Let w(q) = q**3 + 13*q**2 - q + 2. Let v(n) = -n**3 + 10*n**2 + n - 23. Let u be v(10). Let f be w(u). What are the prime factors of 229/5 + f/75?
2, 23
Suppose -21*n + 7532402 = 277*n - 8365898. What are the prime factors of n?
2, 5, 11, 97
Let s(n) = -3*n + 2. Let d be s(1). Let m be -3 + 9*(-3 + (-4)/d). Suppose -16 = -m*b + 152. What are the prime factors of b?
2, 7
Suppose -78 = -4*g + 2. Suppose -4*s = -10*f + 14*f - 2480, 0 = 4*f - g. What are the prime factors of s?
3, 5, 41
Let q(b) = -b**3 + 16*b**2 + 13*b - 20. Let v be q(8). Let m be v + 1/(5/20). Let d = m + -423. List the prime factors of d.
3, 59
Let b(a) = 296*a**2 - 15*a + 30. Let v be b(32). List the prime factors of -3 - (v/(-330) - (-2)/15).
2, 45